{"id":1620,"date":"2018-05-10T16:41:58","date_gmt":"2018-05-10T14:41:58","guid":{"rendered":"http:\/\/gsmulsum-kutenholz.de\/?page_id=1620"},"modified":"2018-05-10T20:39:19","modified_gmt":"2018-05-10T18:39:19","slug":"plattdeutscher-vorlesewettbewerb","status":"publish","type":"page","link":"https:\/\/gsmulsum-kutenholz.de\/?page_id=1620","title":{"rendered":"Plattdeutscher Vorlesewettbewerb"},"content":{"rendered":"<p style=\"text-align: center;\"><span style=\"color: #008080;\"><b>Plattdeutscher<\/b> <b>Vorlesewettbewerb Grundschule<\/b><\/span><\/p>\n<p style=\"text-align: center;\"><span style=\"color: #008080;\"><b>Mulsum-Kutenholz<\/b><\/span><\/p>\n<p><span style=\"color: #008080;\"><em>Plattd\u00fc\u00fctscher Lesewettstriet Grundschool Mulsum-Kutenholt<\/em><\/span><\/p>\n<hr>\n<p><span style=\"color: #008080;\"><strong>B\u00f6ker Leed<\/strong><\/span><\/p>\n<p>&nbsp;<\/p>\n<p><span style=\"color: #008080;\"><strong>Refrain:<\/strong><\/span><\/p>\n<p><span style=\"color: #008080;\">Billerb\u00f6ker, Kinnerb\u00f6ker, Leesb\u00f6ker, Lederb\u00f6ker<\/span><\/p>\n<p><span style=\"color: #008080;\"><strong>1.<\/strong><\/span><\/p>\n<p><span style=\"color: #008080;\">B\u00f6ker, de bringt mi ton lachen,<\/span><\/p>\n<p><span style=\"color: #008080;\">B\u00f6ker wiesen mi de Welt.<\/span><\/p>\n<p><span style=\"color: #008080;\">Da drin stoht so veele Saken,<\/span><\/p>\n<p><span style=\"color: #008080;\">de keeneen anners me vertellt.<\/span><\/p>\n<p><span style=\"color: #008080;\"><strong>2.<\/strong><\/span><\/p>\n<p><span style=\"color: #008080;\">Vun Indeaners, Hexenmeester,<\/span><\/p>\n<p><span style=\"color: #008080;\">vun Riddersmann un Bullerb\u00fc,<\/span><\/p>\n<p><span style=\"color: #008080;\">wokeen de leest is f\u00f6rwiss plietsch,<\/span><\/p>\n<p><span style=\"color: #008080;\">ganz alleen f\u00f6hl ik mi nie.<\/span><\/p>\n<p><span style=\"color: #008080;\"><strong>3.<\/strong><\/span><\/p>\n<p><span style=\"color: #008080;\">Nimm din Book, man nu geit los,<\/span><\/p>\n<p><span style=\"color: #008080;\">de Lese-Wettstriet kummt nu in gang.<\/span><\/p>\n<p><span style=\"color: #008080;\">Unsre School Mulsum-Kutenholt<\/span><\/p>\n<p><span style=\"color: #008080;\">leest um de Wett un nu man ran.<\/span><\/p>\n<p>&nbsp;<\/p>\n<p><span style=\"color: #008080;\"><strong>Strophe zur Verabschiedung:<\/strong><\/span><\/p>\n<p><span style=\"color: #008080;\">Seggt nu Dank f\u00f6r din Bidrag,<\/span><\/p>\n<p><span style=\"color: #008080;\">dat Lesen is nu vorbi.<\/span><\/p>\n<p><span style=\"color: #008080;\">Nimm din Pries, wi seggt nu tsch\u00fc\u00df,<\/span><\/p>\n<p><span style=\"color: #008080;\">un kummt all good na huus.<\/span><\/p>\n","protected":false},"excerpt":{"rendered":"<p>Plattdeutscher Vorlesewettbewerb Grundschule Mulsum-Kutenholz Plattd\u00fc\u00fctscher Lesewettstriet Grundschool Mulsum-Kutenholt B\u00f6ker Leed &nbsp; Refrain: Billerb\u00f6ker, Kinnerb\u00f6ker, Leesb\u00f6ker, Lederb\u00f6ker 1. B\u00f6ker, de bringt mi ton lachen, B\u00f6ker wiesen mi de Welt. Da drin stoht so veele Saken, de keeneen anners me vertellt. 2. Vun Indeaners, Hexenmeester, vun Riddersmann un Bullerb\u00fc, wokeen de leest is f\u00f6rwiss plietsch, ganz alleen [&hellip;]<\/p>\n","protected":false},"author":2,"featured_media":0,"parent":97,"menu_order":0,"comment_status":"closed","ping_status":"closed","template":"","meta":{"ngg_post_thumbnail":0,"footnotes":""},"class_list":["post-1620","page","type-page","status-publish","hentry"],"yoast_head":"<!-- This site is optimized with the Yoast SEO plugin v27.4 - https:\/\/yoast.com\/product\/yoast-seo-wordpress\/ -->\n<title>Plattdeutscher Vorlesewettbewerb - Grundschule Mulsum - Kutenholz<\/title>\n<meta name=\"robots\" content=\"index, follow, max-snippet:-1, max-image-preview:large, max-video-preview:-1\" \/>\n<link rel=\"canonical\" href=\"https:\/\/gsmulsum-kutenholz.de\/?page_id=1620\" \/>\n<meta property=\"og:locale\" content=\"de_DE\" \/>\n<meta property=\"og:type\" content=\"article\" \/>\n<meta property=\"og:title\" content=\"Plattdeutscher Vorlesewettbewerb - Grundschule Mulsum - Kutenholz\" \/>\n<meta property=\"og:description\" content=\"Plattdeutscher Vorlesewettbewerb Grundschule Mulsum-Kutenholz Plattd\u00fc\u00fctscher Lesewettstriet Grundschool Mulsum-Kutenholt B\u00f6ker Leed &nbsp; Refrain: Billerb\u00f6ker, Kinnerb\u00f6ker, Leesb\u00f6ker, Lederb\u00f6ker 1. B\u00f6ker, de bringt mi ton lachen, B\u00f6ker wiesen mi de Welt. Da drin stoht so veele Saken, de keeneen anners me vertellt. 2. Vun Indeaners, Hexenmeester, vun Riddersmann un Bullerb\u00fc, wokeen de leest is f\u00f6rwiss plietsch, ganz alleen [&hellip;]\" \/>\n<meta property=\"og:url\" content=\"https:\/\/gsmulsum-kutenholz.de\/?page_id=1620\" \/>\n<meta property=\"og:site_name\" content=\"Grundschule Mulsum - Kutenholz\" \/>\n<meta property=\"article:modified_time\" content=\"2018-05-10T18:39:19+00:00\" \/>\n<meta name=\"twitter:card\" content=\"summary_large_image\" \/>\n<meta name=\"twitter:label1\" content=\"Gesch\u00e4tzte Lesezeit\" \/>\n\t<meta name=\"twitter:data1\" content=\"1\u00a0Minute\" \/>\n<script type=\"application\/ld+json\" class=\"yoast-schema-graph\">{\"@context\":\"https:\\\/\\\/schema.org\",\"@graph\":[{\"@type\":\"WebPage\",\"@id\":\"https:\\\/\\\/gsmulsum-kutenholz.de\\\/?page_id=1620\",\"url\":\"https:\\\/\\\/gsmulsum-kutenholz.de\\\/?page_id=1620\",\"name\":\"Plattdeutscher Vorlesewettbewerb - Grundschule Mulsum - Kutenholz\",\"isPartOf\":{\"@id\":\"https:\\\/\\\/gsmulsum-kutenholz.de\\\/#website\"},\"datePublished\":\"2018-05-10T14:41:58+00:00\",\"dateModified\":\"2018-05-10T18:39:19+00:00\",\"breadcrumb\":{\"@id\":\"https:\\\/\\\/gsmulsum-kutenholz.de\\\/?page_id=1620#breadcrumb\"},\"inLanguage\":\"de\",\"potentialAction\":[{\"@type\":\"ReadAction\",\"target\":[\"https:\\\/\\\/gsmulsum-kutenholz.de\\\/?page_id=1620\"]}]},{\"@type\":\"BreadcrumbList\",\"@id\":\"https:\\\/\\\/gsmulsum-kutenholz.de\\\/?page_id=1620#breadcrumb\",\"itemListElement\":[{\"@type\":\"ListItem\",\"position\":1,\"name\":\"Start\",\"item\":\"https:\\\/\\\/gsmulsum-kutenholz.de\\\/\"},{\"@type\":\"ListItem\",\"position\":2,\"name\":\"Plattdeutsche Pilotschule\",\"item\":\"https:\\\/\\\/gsmulsum-kutenholz.de\\\/?page_id=97\"},{\"@type\":\"ListItem\",\"position\":3,\"name\":\"Plattdeutscher Vorlesewettbewerb\"}]},{\"@type\":\"WebSite\",\"@id\":\"https:\\\/\\\/gsmulsum-kutenholz.de\\\/#website\",\"url\":\"https:\\\/\\\/gsmulsum-kutenholz.de\\\/\",\"name\":\"Grundschule Mulsum - Kutenholz\",\"description\":\"\",\"potentialAction\":[{\"@type\":\"SearchAction\",\"target\":{\"@type\":\"EntryPoint\",\"urlTemplate\":\"https:\\\/\\\/gsmulsum-kutenholz.de\\\/?s={search_term_string}\"},\"query-input\":{\"@type\":\"PropertyValueSpecification\",\"valueRequired\":true,\"valueName\":\"search_term_string\"}}],\"inLanguage\":\"de\"}]}<\/script>\n<!-- \/ Yoast SEO plugin. -->","yoast_head_json":{"title":"Plattdeutscher Vorlesewettbewerb - Grundschule Mulsum - Kutenholz","robots":{"index":"index","follow":"follow","max-snippet":"max-snippet:-1","max-image-preview":"max-image-preview:large","max-video-preview":"max-video-preview:-1"},"canonical":"https:\/\/gsmulsum-kutenholz.de\/?page_id=1620","og_locale":"de_DE","og_type":"article","og_title":"Plattdeutscher Vorlesewettbewerb - Grundschule Mulsum - Kutenholz","og_description":"Plattdeutscher Vorlesewettbewerb Grundschule Mulsum-Kutenholz Plattd\u00fc\u00fctscher Lesewettstriet Grundschool Mulsum-Kutenholt B\u00f6ker Leed &nbsp; Refrain: Billerb\u00f6ker, Kinnerb\u00f6ker, Leesb\u00f6ker, Lederb\u00f6ker 1. B\u00f6ker, de bringt mi ton lachen, B\u00f6ker wiesen mi de Welt. Da drin stoht so veele Saken, de keeneen anners me vertellt. 2. Vun Indeaners, Hexenmeester, vun Riddersmann un Bullerb\u00fc, wokeen de leest is f\u00f6rwiss plietsch, ganz alleen [&hellip;]","og_url":"https:\/\/gsmulsum-kutenholz.de\/?page_id=1620","og_site_name":"Grundschule Mulsum - Kutenholz","article_modified_time":"2018-05-10T18:39:19+00:00","twitter_card":"summary_large_image","twitter_misc":{"Gesch\u00e4tzte Lesezeit":"1\u00a0Minute"},"schema":{"@context":"https:\/\/schema.org","@graph":[{"@type":"WebPage","@id":"https:\/\/gsmulsum-kutenholz.de\/?page_id=1620","url":"https:\/\/gsmulsum-kutenholz.de\/?page_id=1620","name":"Plattdeutscher Vorlesewettbewerb - Grundschule Mulsum - Kutenholz","isPartOf":{"@id":"https:\/\/gsmulsum-kutenholz.de\/#website"},"datePublished":"2018-05-10T14:41:58+00:00","dateModified":"2018-05-10T18:39:19+00:00","breadcrumb":{"@id":"https:\/\/gsmulsum-kutenholz.de\/?page_id=1620#breadcrumb"},"inLanguage":"de","potentialAction":[{"@type":"ReadAction","target":["https:\/\/gsmulsum-kutenholz.de\/?page_id=1620"]}]},{"@type":"BreadcrumbList","@id":"https:\/\/gsmulsum-kutenholz.de\/?page_id=1620#breadcrumb","itemListElement":[{"@type":"ListItem","position":1,"name":"Start","item":"https:\/\/gsmulsum-kutenholz.de\/"},{"@type":"ListItem","position":2,"name":"Plattdeutsche Pilotschule","item":"https:\/\/gsmulsum-kutenholz.de\/?page_id=97"},{"@type":"ListItem","position":3,"name":"Plattdeutscher Vorlesewettbewerb"}]},{"@type":"WebSite","@id":"https:\/\/gsmulsum-kutenholz.de\/#website","url":"https:\/\/gsmulsum-kutenholz.de\/","name":"Grundschule Mulsum - Kutenholz","description":"","potentialAction":[{"@type":"SearchAction","target":{"@type":"EntryPoint","urlTemplate":"https:\/\/gsmulsum-kutenholz.de\/?s={search_term_string}"},"query-input":{"@type":"PropertyValueSpecification","valueRequired":true,"valueName":"search_term_string"}}],"inLanguage":"de"}]}},"_links":{"self":[{"href":"https:\/\/gsmulsum-kutenholz.de\/index.php?rest_route=\/wp\/v2\/pages\/1620","targetHints":{"allow":["GET"]}}],"collection":[{"href":"https:\/\/gsmulsum-kutenholz.de\/index.php?rest_route=\/wp\/v2\/pages"}],"about":[{"href":"https:\/\/gsmulsum-kutenholz.de\/index.php?rest_route=\/wp\/v2\/types\/page"}],"author":[{"embeddable":true,"href":"https:\/\/gsmulsum-kutenholz.de\/index.php?rest_route=\/wp\/v2\/users\/2"}],"replies":[{"embeddable":true,"href":"https:\/\/gsmulsum-kutenholz.de\/index.php?rest_route=%2Fwp%2Fv2%2Fcomments&post=1620"}],"version-history":[{"count":3,"href":"https:\/\/gsmulsum-kutenholz.de\/index.php?rest_route=\/wp\/v2\/pages\/1620\/revisions"}],"predecessor-version":[{"id":1682,"href":"https:\/\/gsmulsum-kutenholz.de\/index.php?rest_route=\/wp\/v2\/pages\/1620\/revisions\/1682"}],"up":[{"embeddable":true,"href":"https:\/\/gsmulsum-kutenholz.de\/index.php?rest_route=\/wp\/v2\/pages\/97"}],"wp:attachment":[{"href":"https:\/\/gsmulsum-kutenholz.de\/index.php?rest_route=%2Fwp%2Fv2%2Fmedia&parent=1620"}],"curies":[{"name":"wp","href":"https:\/\/api.w.org\/{rel}","templated":true}]}}