{"id":352,"date":"2018-04-23T18:45:16","date_gmt":"2018-04-23T18:45:16","guid":{"rendered":"http:\/\/gsmulsum-kutenholz.de\/?page_id=352"},"modified":"2024-05-25T15:52:38","modified_gmt":"2024-05-25T13:52:38","slug":"schulleitung","status":"publish","type":"page","link":"https:\/\/gsmulsum-kutenholz.de\/?page_id=352","title":{"rendered":"Schulleitung"},"content":{"rendered":"\n<p>Mein Name ist Ilka Rauch, ich bin seit 2017 Schulleiterin dieser Schule mit zwei Standorten. Gerade diese zwei Standorte stellen uns oft vor Herausforderungen.<\/p>\n\n\n\n<p>Ich bin verheiratet, lebe in Fredenbeck. Meine drei S\u00f6hne sind mittlerweile erwachsen.<\/p>\n\n\n\n<p>Ich mag den Sommer, Krimis, Stricken und Spaghetti-Eis.<\/p>\n\n\n\n<p><a><\/a> Meine Schule: wie soll sie sein \u2013 wie stelle ich sie mir vor?<br>Eine gute Schule muss sein wie ein gutes Buch:<br>Ein Buch hinterl\u00e4sst bei jedem, der es gelesen hat, Eindr\u00fccke \u2013 ganz unterschiedlicher Art und Weise. Jeder Leser nimmt etwas f\u00fcr sich und sein Leben mit \u2013 Hilfe, Rat, Unterst\u00fctzung, Zerstreuung.<br>So ist es auch mit der Schule \u2013 sie hinterl\u00e4sst im Leben eines jeden Kindes ganz unterschiedliche Spuren und Eindr\u00fccke. Aus seiner Schulzeit nimmt jeder etwas mit \u2013 ganz individuell.<br>Und so individuell wie die Menschen sind, die unsere Schule besuchen, so unterschiedlich sind auch die Seiten eines Buches. Jede einzelne ist einzigartig, besonders, ein Teil eines gro\u00dfen Ganzen \u2013 jede ist wichtig, denn ohne sie ist das Ganze unvollst\u00e4ndig.<br>So ist es mit allen, die zu unserer Gemeinschaft geh\u00f6ren, alle zusammen sind wir unsere Schule. Jeder steuert seinen Teil bei, ist ein Teil des Ganzen. Keiner darf verloren gehen oder ist unwichtig. Jeder hat eine Aufgabe, leistet seinen Beitrag, unverzichtbar \u2013 und nur gemeinsam machen wir aus unserer Schule einen Bestseller.<br>Das hei\u00dft f\u00fcr uns alle, die in der Schule arbeiten:<br>Wir m\u00fcssen Lernatmosph\u00e4ren schaffen, die Klassenzimmer \u201ezum Fliegen\u201c bringen und die Kinder dazu ermutigen, ihren Weg zu finden und zu gehen.<\/p>\n\n\n\n<p>Als Schlusswort m\u00f6chte ich gerne Astrid Lindgren zitieren. Sie geh\u00f6rt zu meinen Lieblingskinderbuchautorinnen und dieses Zitat passt meiner Meinung nach gut zu mir, zu dem Amt einer Schulleiterin, aber auch zur Schule und den Kindern:<br>\u201eIch glaube, dass Erziehung Liebe als Ziel haben muss.\u201c<\/p>\n","protected":false},"excerpt":{"rendered":"<p>Mein Name ist Ilka Rauch, ich bin seit 2017 Schulleiterin dieser Schule mit zwei Standorten. Gerade diese zwei Standorte stellen uns oft vor Herausforderungen. Ich bin verheiratet, lebe in Fredenbeck. Meine drei S\u00f6hne sind mittlerweile erwachsen. Ich mag den Sommer, Krimis, Stricken und Spaghetti-Eis. Meine Schule: wie soll sie sein \u2013 wie stelle ich sie [&hellip;]<\/p>\n","protected":false},"author":2,"featured_media":1359,"parent":2,"menu_order":1,"comment_status":"closed","ping_status":"closed","template":"","meta":{"ngg_post_thumbnail":0,"footnotes":""},"class_list":["post-352","page","type-page","status-publish","has-post-thumbnail","hentry"],"yoast_head":"<!-- This site is optimized with the Yoast SEO plugin v27.4 - https:\/\/yoast.com\/product\/yoast-seo-wordpress\/ -->\n<title>Schulleitung - Grundschule Mulsum - Kutenholz<\/title>\n<meta name=\"robots\" content=\"index, follow, max-snippet:-1, max-image-preview:large, max-video-preview:-1\" \/>\n<link rel=\"canonical\" href=\"https:\/\/gsmulsum-kutenholz.de\/?page_id=352\" \/>\n<meta property=\"og:locale\" content=\"de_DE\" \/>\n<meta property=\"og:type\" content=\"article\" \/>\n<meta property=\"og:title\" content=\"Schulleitung - Grundschule Mulsum - Kutenholz\" \/>\n<meta property=\"og:description\" content=\"Mein Name ist Ilka Rauch, ich bin seit 2017 Schulleiterin dieser Schule mit zwei Standorten. Gerade diese zwei Standorte stellen uns oft vor Herausforderungen. Ich bin verheiratet, lebe in Fredenbeck. Meine drei S\u00f6hne sind mittlerweile erwachsen. Ich mag den Sommer, Krimis, Stricken und Spaghetti-Eis. Meine Schule: wie soll sie sein \u2013 wie stelle ich sie [&hellip;]\" \/>\n<meta property=\"og:url\" content=\"https:\/\/gsmulsum-kutenholz.de\/?page_id=352\" \/>\n<meta property=\"og:site_name\" content=\"Grundschule Mulsum - Kutenholz\" \/>\n<meta property=\"article:modified_time\" content=\"2024-05-25T13:52:38+00:00\" \/>\n<meta property=\"og:image\" content=\"https:\/\/gsmulsum-kutenholz.de\/wp-content\/uploads\/2018\/04\/Rektorin.jpg\" \/>\n\t<meta property=\"og:image:width\" content=\"2232\" \/>\n\t<meta property=\"og:image:height\" content=\"3495\" \/>\n\t<meta property=\"og:image:type\" content=\"image\/jpeg\" \/>\n<meta name=\"twitter:card\" content=\"summary_large_image\" \/>\n<meta name=\"twitter:label1\" content=\"Gesch\u00e4tzte Lesezeit\" \/>\n\t<meta name=\"twitter:data1\" content=\"2\u00a0Minuten\" \/>\n<script type=\"application\/ld+json\" class=\"yoast-schema-graph\">{\"@context\":\"https:\\\/\\\/schema.org\",\"@graph\":[{\"@type\":\"WebPage\",\"@id\":\"https:\\\/\\\/gsmulsum-kutenholz.de\\\/?page_id=352\",\"url\":\"https:\\\/\\\/gsmulsum-kutenholz.de\\\/?page_id=352\",\"name\":\"Schulleitung - Grundschule Mulsum - Kutenholz\",\"isPartOf\":{\"@id\":\"https:\\\/\\\/gsmulsum-kutenholz.de\\\/#website\"},\"primaryImageOfPage\":{\"@id\":\"https:\\\/\\\/gsmulsum-kutenholz.de\\\/?page_id=352#primaryimage\"},\"image\":{\"@id\":\"https:\\\/\\\/gsmulsum-kutenholz.de\\\/?page_id=352#primaryimage\"},\"thumbnailUrl\":\"https:\\\/\\\/gsmulsum-kutenholz.de\\\/wp-content\\\/uploads\\\/2018\\\/04\\\/Rektorin.jpg\",\"datePublished\":\"2018-04-23T18:45:16+00:00\",\"dateModified\":\"2024-05-25T13:52:38+00:00\",\"breadcrumb\":{\"@id\":\"https:\\\/\\\/gsmulsum-kutenholz.de\\\/?page_id=352#breadcrumb\"},\"inLanguage\":\"de\",\"potentialAction\":[{\"@type\":\"ReadAction\",\"target\":[\"https:\\\/\\\/gsmulsum-kutenholz.de\\\/?page_id=352\"]}]},{\"@type\":\"ImageObject\",\"inLanguage\":\"de\",\"@id\":\"https:\\\/\\\/gsmulsum-kutenholz.de\\\/?page_id=352#primaryimage\",\"url\":\"https:\\\/\\\/gsmulsum-kutenholz.de\\\/wp-content\\\/uploads\\\/2018\\\/04\\\/Rektorin.jpg\",\"contentUrl\":\"https:\\\/\\\/gsmulsum-kutenholz.de\\\/wp-content\\\/uploads\\\/2018\\\/04\\\/Rektorin.jpg\",\"width\":2232,\"height\":3495},{\"@type\":\"BreadcrumbList\",\"@id\":\"https:\\\/\\\/gsmulsum-kutenholz.de\\\/?page_id=352#breadcrumb\",\"itemListElement\":[{\"@type\":\"ListItem\",\"position\":1,\"name\":\"Start\",\"item\":\"https:\\\/\\\/gsmulsum-kutenholz.de\\\/\"},{\"@type\":\"ListItem\",\"position\":2,\"name\":\"Unsere Schule\",\"item\":\"https:\\\/\\\/gsmulsum-kutenholz.de\\\/?page_id=2\"},{\"@type\":\"ListItem\",\"position\":3,\"name\":\"Schulleitung\"}]},{\"@type\":\"WebSite\",\"@id\":\"https:\\\/\\\/gsmulsum-kutenholz.de\\\/#website\",\"url\":\"https:\\\/\\\/gsmulsum-kutenholz.de\\\/\",\"name\":\"Grundschule Mulsum - Kutenholz\",\"description\":\"\",\"potentialAction\":[{\"@type\":\"SearchAction\",\"target\":{\"@type\":\"EntryPoint\",\"urlTemplate\":\"https:\\\/\\\/gsmulsum-kutenholz.de\\\/?s={search_term_string}\"},\"query-input\":{\"@type\":\"PropertyValueSpecification\",\"valueRequired\":true,\"valueName\":\"search_term_string\"}}],\"inLanguage\":\"de\"}]}<\/script>\n<!-- \/ Yoast SEO plugin. -->","yoast_head_json":{"title":"Schulleitung - Grundschule Mulsum - Kutenholz","robots":{"index":"index","follow":"follow","max-snippet":"max-snippet:-1","max-image-preview":"max-image-preview:large","max-video-preview":"max-video-preview:-1"},"canonical":"https:\/\/gsmulsum-kutenholz.de\/?page_id=352","og_locale":"de_DE","og_type":"article","og_title":"Schulleitung - Grundschule Mulsum - Kutenholz","og_description":"Mein Name ist Ilka Rauch, ich bin seit 2017 Schulleiterin dieser Schule mit zwei Standorten. Gerade diese zwei Standorte stellen uns oft vor Herausforderungen. Ich bin verheiratet, lebe in Fredenbeck. Meine drei S\u00f6hne sind mittlerweile erwachsen. Ich mag den Sommer, Krimis, Stricken und Spaghetti-Eis. Meine Schule: wie soll sie sein \u2013 wie stelle ich sie [&hellip;]","og_url":"https:\/\/gsmulsum-kutenholz.de\/?page_id=352","og_site_name":"Grundschule Mulsum - Kutenholz","article_modified_time":"2024-05-25T13:52:38+00:00","og_image":[{"width":2232,"height":3495,"url":"https:\/\/gsmulsum-kutenholz.de\/wp-content\/uploads\/2018\/04\/Rektorin.jpg","type":"image\/jpeg"}],"twitter_card":"summary_large_image","twitter_misc":{"Gesch\u00e4tzte Lesezeit":"2\u00a0Minuten"},"schema":{"@context":"https:\/\/schema.org","@graph":[{"@type":"WebPage","@id":"https:\/\/gsmulsum-kutenholz.de\/?page_id=352","url":"https:\/\/gsmulsum-kutenholz.de\/?page_id=352","name":"Schulleitung - Grundschule Mulsum - Kutenholz","isPartOf":{"@id":"https:\/\/gsmulsum-kutenholz.de\/#website"},"primaryImageOfPage":{"@id":"https:\/\/gsmulsum-kutenholz.de\/?page_id=352#primaryimage"},"image":{"@id":"https:\/\/gsmulsum-kutenholz.de\/?page_id=352#primaryimage"},"thumbnailUrl":"https:\/\/gsmulsum-kutenholz.de\/wp-content\/uploads\/2018\/04\/Rektorin.jpg","datePublished":"2018-04-23T18:45:16+00:00","dateModified":"2024-05-25T13:52:38+00:00","breadcrumb":{"@id":"https:\/\/gsmulsum-kutenholz.de\/?page_id=352#breadcrumb"},"inLanguage":"de","potentialAction":[{"@type":"ReadAction","target":["https:\/\/gsmulsum-kutenholz.de\/?page_id=352"]}]},{"@type":"ImageObject","inLanguage":"de","@id":"https:\/\/gsmulsum-kutenholz.de\/?page_id=352#primaryimage","url":"https:\/\/gsmulsum-kutenholz.de\/wp-content\/uploads\/2018\/04\/Rektorin.jpg","contentUrl":"https:\/\/gsmulsum-kutenholz.de\/wp-content\/uploads\/2018\/04\/Rektorin.jpg","width":2232,"height":3495},{"@type":"BreadcrumbList","@id":"https:\/\/gsmulsum-kutenholz.de\/?page_id=352#breadcrumb","itemListElement":[{"@type":"ListItem","position":1,"name":"Start","item":"https:\/\/gsmulsum-kutenholz.de\/"},{"@type":"ListItem","position":2,"name":"Unsere Schule","item":"https:\/\/gsmulsum-kutenholz.de\/?page_id=2"},{"@type":"ListItem","position":3,"name":"Schulleitung"}]},{"@type":"WebSite","@id":"https:\/\/gsmulsum-kutenholz.de\/#website","url":"https:\/\/gsmulsum-kutenholz.de\/","name":"Grundschule Mulsum - Kutenholz","description":"","potentialAction":[{"@type":"SearchAction","target":{"@type":"EntryPoint","urlTemplate":"https:\/\/gsmulsum-kutenholz.de\/?s={search_term_string}"},"query-input":{"@type":"PropertyValueSpecification","valueRequired":true,"valueName":"search_term_string"}}],"inLanguage":"de"}]}},"_links":{"self":[{"href":"https:\/\/gsmulsum-kutenholz.de\/index.php?rest_route=\/wp\/v2\/pages\/352","targetHints":{"allow":["GET"]}}],"collection":[{"href":"https:\/\/gsmulsum-kutenholz.de\/index.php?rest_route=\/wp\/v2\/pages"}],"about":[{"href":"https:\/\/gsmulsum-kutenholz.de\/index.php?rest_route=\/wp\/v2\/types\/page"}],"author":[{"embeddable":true,"href":"https:\/\/gsmulsum-kutenholz.de\/index.php?rest_route=\/wp\/v2\/users\/2"}],"replies":[{"embeddable":true,"href":"https:\/\/gsmulsum-kutenholz.de\/index.php?rest_route=%2Fwp%2Fv2%2Fcomments&post=352"}],"version-history":[{"count":5,"href":"https:\/\/gsmulsum-kutenholz.de\/index.php?rest_route=\/wp\/v2\/pages\/352\/revisions"}],"predecessor-version":[{"id":5038,"href":"https:\/\/gsmulsum-kutenholz.de\/index.php?rest_route=\/wp\/v2\/pages\/352\/revisions\/5038"}],"up":[{"embeddable":true,"href":"https:\/\/gsmulsum-kutenholz.de\/index.php?rest_route=\/wp\/v2\/pages\/2"}],"wp:featuredmedia":[{"embeddable":true,"href":"https:\/\/gsmulsum-kutenholz.de\/index.php?rest_route=\/wp\/v2\/media\/1359"}],"wp:attachment":[{"href":"https:\/\/gsmulsum-kutenholz.de\/index.php?rest_route=%2Fwp%2Fv2%2Fmedia&parent=352"}],"curies":[{"name":"wp","href":"https:\/\/api.w.org\/{rel}","templated":true}]}}

<p>Mein Name ist Ilka Rauch, ich bin seit 2017 Schulleiterin dieser Schule mit zwei Standorten. Gerade diese zwei Standorte stellen uns oft vor Herausforderungen.</p>



<p>Ich bin verheiratet, lebe in Fredenbeck. Meine drei Söhne sind mittlerweile erwachsen.</p>



<p>Ich mag den Sommer, Krimis, Stricken und Spaghetti-Eis.</p>



<p><a></a> Meine Schule: wie soll sie sein – wie stelle ich sie mir vor?<br>Eine gute Schule muss sein wie ein gutes Buch:<br>Ein Buch hinterlässt bei jedem, der es gelesen hat, Eindrücke – ganz unterschiedlicher Art und Weise. Jeder Leser nimmt etwas für sich und sein Leben mit – Hilfe, Rat, Unterstützung, Zerstreuung.<br>So ist es auch mit der Schule – sie hinterlässt im Leben eines jeden Kindes ganz unterschiedliche Spuren und Eindrücke. Aus seiner Schulzeit nimmt jeder etwas mit – ganz individuell.<br>Und so individuell wie die Menschen sind, die unsere Schule besuchen, so unterschiedlich sind auch die Seiten eines Buches. Jede einzelne ist einzigartig, besonders, ein Teil eines großen Ganzen – jede ist wichtig, denn ohne sie ist das Ganze unvollständig.<br>So ist es mit allen, die zu unserer Gemeinschaft gehören, alle zusammen sind wir unsere Schule. Jeder steuert seinen Teil bei, ist ein Teil des Ganzen. Keiner darf verloren gehen oder ist unwichtig. Jeder hat eine Aufgabe, leistet seinen Beitrag, unverzichtbar – und nur gemeinsam machen wir aus unserer Schule einen Bestseller.<br>Das heißt für uns alle, die in der Schule arbeiten:<br>Wir müssen Lernatmosphären schaffen, die Klassenzimmer „zum Fliegen“ bringen und die Kinder dazu ermutigen, ihren Weg zu finden und zu gehen.</p>



<p>Als Schlusswort möchte ich gerne Astrid Lindgren zitieren. Sie gehört zu meinen Lieblingskinderbuchautorinnen und dieses Zitat passt meiner Meinung nach gut zu mir, zu dem Amt einer Schulleiterin, aber auch zur Schule und den Kindern:<br>„Ich glaube, dass Erziehung Liebe als Ziel haben muss.“</p>

<p>Mein Name ist Ilka Rauch, ich bin seit 2017 Schulleiterin dieser Schule mit zwei Standorten. Gerade diese zwei Standorte stellen uns oft vor Herausforderungen. Ich bin verheiratet, lebe in Fredenbeck. Meine drei Söhne sind mittlerweile erwachsen. Ich mag den Sommer, Krimis, Stricken und Spaghetti-Eis. Meine Schule: wie soll sie sein – wie stelle ich sie [&hellip;]</p>

<!-- This site is optimized with the Yoast SEO plugin v27.4 - https://yoast.com/product/yoast-seo-wordpress/ -->
<title>Schulleitung - Grundschule Mulsum - Kutenholz</title>
<meta name="robots" content="index, follow, max-snippet:-1, max-image-preview:large, max-video-preview:-1" />
<link rel="canonical" href="https://gsmulsum-kutenholz.de/?page_id=352" />
<meta property="og:locale" content="de_DE" />
<meta property="og:type" content="article" />
<meta property="og:title" content="Schulleitung - Grundschule Mulsum - Kutenholz" />
<meta property="og:description" content="Mein Name ist Ilka Rauch, ich bin seit 2017 Schulleiterin dieser Schule mit zwei Standorten. Gerade diese zwei Standorte stellen uns oft vor Herausforderungen. Ich bin verheiratet, lebe in Fredenbeck. Meine drei Söhne sind mittlerweile erwachsen. Ich mag den Sommer, Krimis, Stricken und Spaghetti-Eis. Meine Schule: wie soll sie sein – wie stelle ich sie [&hellip;]" />
<meta property="og:url" content="https://gsmulsum-kutenholz.de/?page_id=352" />
<meta property="og:site_name" content="Grundschule Mulsum - Kutenholz" />
<meta property="article:modified_time" content="2024-05-25T13:52:38+00:00" />
<meta property="og:image" content="https://gsmulsum-kutenholz.de/wp-content/uploads/2018/04/Rektorin.jpg" />
	<meta property="og:image:width" content="2232" />
	<meta property="og:image:height" content="3495" />
	<meta property="og:image:type" content="image/jpeg" />
<meta name="twitter:card" content="summary_large_image" />
<meta name="twitter:label1" content="Geschätzte Lesezeit" />
	<meta name="twitter:data1" content="2 Minuten" />
<script type="application/ld+json" class="yoast-schema-graph">{"@context":"https:\/\/schema.org","@graph":[{"@type":"WebPage","@id":"https:\/\/gsmulsum-kutenholz.de\/?page_id=352","url":"https:\/\/gsmulsum-kutenholz.de\/?page_id=352","name":"Schulleitung - Grundschule Mulsum - Kutenholz","isPartOf":{"@id":"https:\/\/gsmulsum-kutenholz.de\/#website"},"primaryImageOfPage":{"@id":"https:\/\/gsmulsum-kutenholz.de\/?page_id=352#primaryimage"},"image":{"@id":"https:\/\/gsmulsum-kutenholz.de\/?page_id=352#primaryimage"},"thumbnailUrl":"https:\/\/gsmulsum-kutenholz.de\/wp-content\/uploads\/2018\/04\/Rektorin.jpg","datePublished":"2018-04-23T18:45:16+00:00","dateModified":"2024-05-25T13:52:38+00:00","breadcrumb":{"@id":"https:\/\/gsmulsum-kutenholz.de\/?page_id=352#breadcrumb"},"inLanguage":"de","potentialAction":[{"@type":"ReadAction","target":["https:\/\/gsmulsum-kutenholz.de\/?page_id=352"]}]},{"@type":"ImageObject","inLanguage":"de","@id":"https:\/\/gsmulsum-kutenholz.de\/?page_id=352#primaryimage","url":"https:\/\/gsmulsum-kutenholz.de\/wp-content\/uploads\/2018\/04\/Rektorin.jpg","contentUrl":"https:\/\/gsmulsum-kutenholz.de\/wp-content\/uploads\/2018\/04\/Rektorin.jpg","width":2232,"height":3495},{"@type":"BreadcrumbList","@id":"https:\/\/gsmulsum-kutenholz.de\/?page_id=352#breadcrumb","itemListElement":[{"@type":"ListItem","position":1,"name":"Start","item":"https:\/\/gsmulsum-kutenholz.de\/"},{"@type":"ListItem","position":2,"name":"Unsere Schule","item":"https:\/\/gsmulsum-kutenholz.de\/?page_id=2"},{"@type":"ListItem","position":3,"name":"Schulleitung"}]},{"@type":"WebSite","@id":"https:\/\/gsmulsum-kutenholz.de\/#website","url":"https:\/\/gsmulsum-kutenholz.de\/","name":"Grundschule Mulsum - Kutenholz","description":"","potentialAction":[{"@type":"SearchAction","target":{"@type":"EntryPoint","urlTemplate":"https:\/\/gsmulsum-kutenholz.de\/?s={search_term_string}"},"query-input":{"@type":"PropertyValueSpecification","valueRequired":true,"valueName":"search_term_string"}}],"inLanguage":"de"}]}</script>
<!-- / Yoast SEO plugin. -->

Mein Name ist Ilka Rauch, ich bin seit 2017 Schulleiterin dieser Schule mit zwei Standorten. Gerade diese zwei Standorte stellen uns oft vor Herausforderungen. Ich bin verheiratet, lebe in Fredenbeck. Meine drei Söhne sind mittlerweile erwachsen. Ich mag den Sommer, Krimis, Stricken und Spaghetti-Eis. Meine Schule: wie soll sie sein – wie stelle ich sie [&hellip;]
