{"id":4032,"date":"2021-09-21T19:20:19","date_gmt":"2021-09-21T17:20:19","guid":{"rendered":"https:\/\/gsmulsum-kutenholz.de\/?page_id=4032"},"modified":"2026-04-16T12:20:09","modified_gmt":"2026-04-16T10:20:09","slug":"schulsozialarbeit","status":"publish","type":"page","link":"https:\/\/gsmulsum-kutenholz.de\/?page_id=4032","title":{"rendered":"Schulsozialarbeit"},"content":{"rendered":"\n<figure class=\"wp-block-gallery has-nested-images columns-default is-cropped wp-block-gallery-1 is-layout-flex wp-block-gallery-is-layout-flex\">\n<figure class=\"wp-block-image size-large is-style-rounded\"><img loading=\"lazy\" decoding=\"async\" width=\"1024\" height=\"410\" data-id=\"4293\" src=\"https:\/\/gsmulsum-kutenholz.de\/wp-content\/uploads\/2023\/01\/Sozialtraining-1-1024x410.jpg\" alt=\"\" class=\"wp-image-4293\" srcset=\"https:\/\/gsmulsum-kutenholz.de\/wp-content\/uploads\/2023\/01\/Sozialtraining-1-1024x410.jpg 1024w, https:\/\/gsmulsum-kutenholz.de\/wp-content\/uploads\/2023\/01\/Sozialtraining-1-300x120.jpg 300w, https:\/\/gsmulsum-kutenholz.de\/wp-content\/uploads\/2023\/01\/Sozialtraining-1-768x307.jpg 768w, https:\/\/gsmulsum-kutenholz.de\/wp-content\/uploads\/2023\/01\/Sozialtraining-1-1536x614.jpg 1536w, https:\/\/gsmulsum-kutenholz.de\/wp-content\/uploads\/2023\/01\/Sozialtraining-1-2048x819.jpg 2048w\" sizes=\"auto, (max-width: 1024px) 100vw, 1024px\" \/><figcaption class=\"wp-element-caption\">Sozialtraining<\/figcaption><\/figure>\n\n\n\n<figure class=\"wp-block-image size-large is-style-rounded\"><img loading=\"lazy\" decoding=\"async\" width=\"1024\" height=\"410\" data-id=\"4292\" src=\"https:\/\/gsmulsum-kutenholz.de\/wp-content\/uploads\/2023\/01\/RAUM-vorbereitet-1-1024x410.jpg\" alt=\"\" class=\"wp-image-4292\" srcset=\"https:\/\/gsmulsum-kutenholz.de\/wp-content\/uploads\/2023\/01\/RAUM-vorbereitet-1-1024x410.jpg 1024w, https:\/\/gsmulsum-kutenholz.de\/wp-content\/uploads\/2023\/01\/RAUM-vorbereitet-1-300x120.jpg 300w, https:\/\/gsmulsum-kutenholz.de\/wp-content\/uploads\/2023\/01\/RAUM-vorbereitet-1-768x307.jpg 768w, https:\/\/gsmulsum-kutenholz.de\/wp-content\/uploads\/2023\/01\/RAUM-vorbereitet-1-1536x614.jpg 1536w, https:\/\/gsmulsum-kutenholz.de\/wp-content\/uploads\/2023\/01\/RAUM-vorbereitet-1-2048x819.jpg 2048w\" sizes=\"auto, (max-width: 1024px) 100vw, 1024px\" \/><figcaption class=\"wp-element-caption\">Sozialtraining<\/figcaption><\/figure>\n<\/figure>\n\n\n\n<p><\/p>\n\n\n\n<p>Liebe Eltern und Erziehungsberechtigte, <\/p>\n\n\n\n<p>ich hei\u00dfe Wolfgang Seidel und ich bin seit Anfang des Jahres 2023 als Schulsozialarbeiter an der Grundschule Ihrer Kinder t\u00e4tig. In dieser Funktion berate und unterst\u00fctze ich hier alle am Schulleben beteiligten Personen.<\/p>\n\n\n\n<p>Ihre Kinder haben die M\u00f6glichkeit mich direkt anzusprechen oder einen meiner Briefk\u00e4sten in den Fluren zu nutzen. Meine Beratung ist freiwillig und unterliegt der Schweigepflicht. Sollte ich einmal l\u00e4ngere Zeit mit Ihrem Kind an einem Thema arbeiten oder wenn ein Thema besonders &#8222;heikel&#8220; und herausfordernd ist, informiere ich Sie, nach R\u00fccksprache mit dem Kind, damit wir dann gemeinsam an L\u00f6sungen arbeiten k\u00f6nnen.<\/p>\n\n\n\n<p>Nat\u00fcrlich k\u00f6nnen auch Sie sich auch gerne an mich wenden, wenn sie sich Sorgen um Ihr Kind machen oder zum Beispiel Fragen zu schulischen Belangen haben.<\/p>\n\n\n\n<p>Ich freue mich auf eine gute Zusammenarbeit.<br>Wolfgang Seidel<br>(Schulsozialarbeiter)<\/p>\n\n\n\n<p><\/p>\n\n\n\n<h2 class=\"wp-block-heading\">Kontakt<\/h2>\n\n\n\n<p>Am besten erreichen Sie mich per E-Mail.<br>Mulsum: <strong>Wolfgang.Seidel@gsmuku.de<\/strong> <br>Kutenholz: <strong>Wolfgang.Seidel@grumuku.de<\/strong><\/p>\n\n\n\n<p><br><br><\/p>\n","protected":false},"excerpt":{"rendered":"<p>Liebe Eltern und Erziehungsberechtigte, ich hei\u00dfe Wolfgang Seidel und ich bin seit Anfang des Jahres 2023 als Schulsozialarbeiter an der Grundschule Ihrer Kinder t\u00e4tig. In dieser Funktion berate und unterst\u00fctze ich hier alle am Schulleben beteiligten Personen. Ihre Kinder haben die M\u00f6glichkeit mich direkt anzusprechen oder einen meiner Briefk\u00e4sten in den Fluren zu nutzen. Meine [&hellip;]<\/p>\n","protected":false},"author":2,"featured_media":0,"parent":2,"menu_order":1,"comment_status":"closed","ping_status":"closed","template":"","meta":{"ngg_post_thumbnail":0,"footnotes":""},"class_list":["post-4032","page","type-page","status-publish","hentry"],"yoast_head":"<!-- This site is optimized with the Yoast SEO plugin v27.4 - https:\/\/yoast.com\/product\/yoast-seo-wordpress\/ -->\n<title>Schulsozialarbeit - Grundschule Mulsum - Kutenholz<\/title>\n<meta name=\"robots\" content=\"index, follow, max-snippet:-1, max-image-preview:large, max-video-preview:-1\" \/>\n<link rel=\"canonical\" href=\"https:\/\/gsmulsum-kutenholz.de\/?page_id=4032\" \/>\n<meta property=\"og:locale\" content=\"de_DE\" \/>\n<meta property=\"og:type\" content=\"article\" \/>\n<meta property=\"og:title\" content=\"Schulsozialarbeit - Grundschule Mulsum - Kutenholz\" \/>\n<meta property=\"og:description\" content=\"Liebe Eltern und Erziehungsberechtigte, ich hei\u00dfe Wolfgang Seidel und ich bin seit Anfang des Jahres 2023 als Schulsozialarbeiter an der Grundschule Ihrer Kinder t\u00e4tig. In dieser Funktion berate und unterst\u00fctze ich hier alle am Schulleben beteiligten Personen. Ihre Kinder haben die M\u00f6glichkeit mich direkt anzusprechen oder einen meiner Briefk\u00e4sten in den Fluren zu nutzen. Meine [&hellip;]\" \/>\n<meta property=\"og:url\" content=\"https:\/\/gsmulsum-kutenholz.de\/?page_id=4032\" \/>\n<meta property=\"og:site_name\" content=\"Grundschule Mulsum - Kutenholz\" \/>\n<meta property=\"article:modified_time\" content=\"2026-04-16T10:20:09+00:00\" \/>\n<meta property=\"og:image\" content=\"https:\/\/gsmulsum-kutenholz.de\/wp-content\/uploads\/2023\/01\/Sozialtraining-1-2500x1000.jpg\" \/>\n\t<meta property=\"og:image:width\" content=\"2500\" \/>\n\t<meta property=\"og:image:height\" content=\"1000\" \/>\n\t<meta property=\"og:image:type\" content=\"image\/jpeg\" \/>\n<meta name=\"twitter:card\" content=\"summary_large_image\" \/>\n<meta name=\"twitter:label1\" content=\"Gesch\u00e4tzte Lesezeit\" \/>\n\t<meta name=\"twitter:data1\" content=\"2\u00a0Minuten\" \/>\n<script type=\"application\/ld+json\" class=\"yoast-schema-graph\">{\"@context\":\"https:\\\/\\\/schema.org\",\"@graph\":[{\"@type\":\"WebPage\",\"@id\":\"https:\\\/\\\/gsmulsum-kutenholz.de\\\/?page_id=4032\",\"url\":\"https:\\\/\\\/gsmulsum-kutenholz.de\\\/?page_id=4032\",\"name\":\"Schulsozialarbeit - Grundschule Mulsum - Kutenholz\",\"isPartOf\":{\"@id\":\"https:\\\/\\\/gsmulsum-kutenholz.de\\\/#website\"},\"primaryImageOfPage\":{\"@id\":\"https:\\\/\\\/gsmulsum-kutenholz.de\\\/?page_id=4032#primaryimage\"},\"image\":{\"@id\":\"https:\\\/\\\/gsmulsum-kutenholz.de\\\/?page_id=4032#primaryimage\"},\"thumbnailUrl\":\"https:\\\/\\\/gsmulsum-kutenholz.de\\\/wp-content\\\/uploads\\\/2023\\\/01\\\/Sozialtraining-1-1024x410.jpg\",\"datePublished\":\"2021-09-21T17:20:19+00:00\",\"dateModified\":\"2026-04-16T10:20:09+00:00\",\"breadcrumb\":{\"@id\":\"https:\\\/\\\/gsmulsum-kutenholz.de\\\/?page_id=4032#breadcrumb\"},\"inLanguage\":\"de\",\"potentialAction\":[{\"@type\":\"ReadAction\",\"target\":[\"https:\\\/\\\/gsmulsum-kutenholz.de\\\/?page_id=4032\"]}]},{\"@type\":\"ImageObject\",\"inLanguage\":\"de\",\"@id\":\"https:\\\/\\\/gsmulsum-kutenholz.de\\\/?page_id=4032#primaryimage\",\"url\":\"https:\\\/\\\/gsmulsum-kutenholz.de\\\/wp-content\\\/uploads\\\/2023\\\/01\\\/Sozialtraining-1-2500x1000.jpg\",\"contentUrl\":\"https:\\\/\\\/gsmulsum-kutenholz.de\\\/wp-content\\\/uploads\\\/2023\\\/01\\\/Sozialtraining-1-2500x1000.jpg\",\"width\":2500,\"height\":1000},{\"@type\":\"BreadcrumbList\",\"@id\":\"https:\\\/\\\/gsmulsum-kutenholz.de\\\/?page_id=4032#breadcrumb\",\"itemListElement\":[{\"@type\":\"ListItem\",\"position\":1,\"name\":\"Start\",\"item\":\"https:\\\/\\\/gsmulsum-kutenholz.de\\\/\"},{\"@type\":\"ListItem\",\"position\":2,\"name\":\"Unsere Schule\",\"item\":\"https:\\\/\\\/gsmulsum-kutenholz.de\\\/?page_id=2\"},{\"@type\":\"ListItem\",\"position\":3,\"name\":\"Schulsozialarbeit\"}]},{\"@type\":\"WebSite\",\"@id\":\"https:\\\/\\\/gsmulsum-kutenholz.de\\\/#website\",\"url\":\"https:\\\/\\\/gsmulsum-kutenholz.de\\\/\",\"name\":\"Grundschule Mulsum - Kutenholz\",\"description\":\"\",\"potentialAction\":[{\"@type\":\"SearchAction\",\"target\":{\"@type\":\"EntryPoint\",\"urlTemplate\":\"https:\\\/\\\/gsmulsum-kutenholz.de\\\/?s={search_term_string}\"},\"query-input\":{\"@type\":\"PropertyValueSpecification\",\"valueRequired\":true,\"valueName\":\"search_term_string\"}}],\"inLanguage\":\"de\"}]}<\/script>\n<!-- \/ Yoast SEO plugin. -->","yoast_head_json":{"title":"Schulsozialarbeit - Grundschule Mulsum - Kutenholz","robots":{"index":"index","follow":"follow","max-snippet":"max-snippet:-1","max-image-preview":"max-image-preview:large","max-video-preview":"max-video-preview:-1"},"canonical":"https:\/\/gsmulsum-kutenholz.de\/?page_id=4032","og_locale":"de_DE","og_type":"article","og_title":"Schulsozialarbeit - Grundschule Mulsum - Kutenholz","og_description":"Liebe Eltern und Erziehungsberechtigte, ich hei\u00dfe Wolfgang Seidel und ich bin seit Anfang des Jahres 2023 als Schulsozialarbeiter an der Grundschule Ihrer Kinder t\u00e4tig. In dieser Funktion berate und unterst\u00fctze ich hier alle am Schulleben beteiligten Personen. Ihre Kinder haben die M\u00f6glichkeit mich direkt anzusprechen oder einen meiner Briefk\u00e4sten in den Fluren zu nutzen. Meine [&hellip;]","og_url":"https:\/\/gsmulsum-kutenholz.de\/?page_id=4032","og_site_name":"Grundschule Mulsum - Kutenholz","article_modified_time":"2026-04-16T10:20:09+00:00","og_image":[{"width":2500,"height":1000,"url":"https:\/\/gsmulsum-kutenholz.de\/wp-content\/uploads\/2023\/01\/Sozialtraining-1-2500x1000.jpg","type":"image\/jpeg"}],"twitter_card":"summary_large_image","twitter_misc":{"Gesch\u00e4tzte Lesezeit":"2\u00a0Minuten"},"schema":{"@context":"https:\/\/schema.org","@graph":[{"@type":"WebPage","@id":"https:\/\/gsmulsum-kutenholz.de\/?page_id=4032","url":"https:\/\/gsmulsum-kutenholz.de\/?page_id=4032","name":"Schulsozialarbeit - Grundschule Mulsum - Kutenholz","isPartOf":{"@id":"https:\/\/gsmulsum-kutenholz.de\/#website"},"primaryImageOfPage":{"@id":"https:\/\/gsmulsum-kutenholz.de\/?page_id=4032#primaryimage"},"image":{"@id":"https:\/\/gsmulsum-kutenholz.de\/?page_id=4032#primaryimage"},"thumbnailUrl":"https:\/\/gsmulsum-kutenholz.de\/wp-content\/uploads\/2023\/01\/Sozialtraining-1-1024x410.jpg","datePublished":"2021-09-21T17:20:19+00:00","dateModified":"2026-04-16T10:20:09+00:00","breadcrumb":{"@id":"https:\/\/gsmulsum-kutenholz.de\/?page_id=4032#breadcrumb"},"inLanguage":"de","potentialAction":[{"@type":"ReadAction","target":["https:\/\/gsmulsum-kutenholz.de\/?page_id=4032"]}]},{"@type":"ImageObject","inLanguage":"de","@id":"https:\/\/gsmulsum-kutenholz.de\/?page_id=4032#primaryimage","url":"https:\/\/gsmulsum-kutenholz.de\/wp-content\/uploads\/2023\/01\/Sozialtraining-1-2500x1000.jpg","contentUrl":"https:\/\/gsmulsum-kutenholz.de\/wp-content\/uploads\/2023\/01\/Sozialtraining-1-2500x1000.jpg","width":2500,"height":1000},{"@type":"BreadcrumbList","@id":"https:\/\/gsmulsum-kutenholz.de\/?page_id=4032#breadcrumb","itemListElement":[{"@type":"ListItem","position":1,"name":"Start","item":"https:\/\/gsmulsum-kutenholz.de\/"},{"@type":"ListItem","position":2,"name":"Unsere Schule","item":"https:\/\/gsmulsum-kutenholz.de\/?page_id=2"},{"@type":"ListItem","position":3,"name":"Schulsozialarbeit"}]},{"@type":"WebSite","@id":"https:\/\/gsmulsum-kutenholz.de\/#website","url":"https:\/\/gsmulsum-kutenholz.de\/","name":"Grundschule Mulsum - Kutenholz","description":"","potentialAction":[{"@type":"SearchAction","target":{"@type":"EntryPoint","urlTemplate":"https:\/\/gsmulsum-kutenholz.de\/?s={search_term_string}"},"query-input":{"@type":"PropertyValueSpecification","valueRequired":true,"valueName":"search_term_string"}}],"inLanguage":"de"}]}},"_links":{"self":[{"href":"https:\/\/gsmulsum-kutenholz.de\/index.php?rest_route=\/wp\/v2\/pages\/4032","targetHints":{"allow":["GET"]}}],"collection":[{"href":"https:\/\/gsmulsum-kutenholz.de\/index.php?rest_route=\/wp\/v2\/pages"}],"about":[{"href":"https:\/\/gsmulsum-kutenholz.de\/index.php?rest_route=\/wp\/v2\/types\/page"}],"author":[{"embeddable":true,"href":"https:\/\/gsmulsum-kutenholz.de\/index.php?rest_route=\/wp\/v2\/users\/2"}],"replies":[{"embeddable":true,"href":"https:\/\/gsmulsum-kutenholz.de\/index.php?rest_route=%2Fwp%2Fv2%2Fcomments&post=4032"}],"version-history":[{"count":54,"href":"https:\/\/gsmulsum-kutenholz.de\/index.php?rest_route=\/wp\/v2\/pages\/4032\/revisions"}],"predecessor-version":[{"id":5643,"href":"https:\/\/gsmulsum-kutenholz.de\/index.php?rest_route=\/wp\/v2\/pages\/4032\/revisions\/5643"}],"up":[{"embeddable":true,"href":"https:\/\/gsmulsum-kutenholz.de\/index.php?rest_route=\/wp\/v2\/pages\/2"}],"wp:attachment":[{"href":"https:\/\/gsmulsum-kutenholz.de\/index.php?rest_route=%2Fwp%2Fv2%2Fmedia&parent=4032"}],"curies":[{"name":"wp","href":"https:\/\/api.w.org\/{rel}","templated":true}]}}

<figure class="wp-block-gallery has-nested-images columns-default is-cropped wp-block-gallery-1 is-layout-flex wp-block-gallery-is-layout-flex">
<figure class="wp-block-image size-large is-style-rounded"><img loading="lazy" decoding="async" width="1024" height="410" data-id="4293" src="https://gsmulsum-kutenholz.de/wp-content/uploads/2023/01/Sozialtraining-1-1024x410.jpg" alt="" class="wp-image-4293" srcset="https://gsmulsum-kutenholz.de/wp-content/uploads/2023/01/Sozialtraining-1-1024x410.jpg 1024w, https://gsmulsum-kutenholz.de/wp-content/uploads/2023/01/Sozialtraining-1-300x120.jpg 300w, https://gsmulsum-kutenholz.de/wp-content/uploads/2023/01/Sozialtraining-1-768x307.jpg 768w, https://gsmulsum-kutenholz.de/wp-content/uploads/2023/01/Sozialtraining-1-1536x614.jpg 1536w, https://gsmulsum-kutenholz.de/wp-content/uploads/2023/01/Sozialtraining-1-2048x819.jpg 2048w" sizes="auto, (max-width: 1024px) 100vw, 1024px" /><figcaption class="wp-element-caption">Sozialtraining</figcaption></figure>



<figure class="wp-block-image size-large is-style-rounded"><img loading="lazy" decoding="async" width="1024" height="410" data-id="4292" src="https://gsmulsum-kutenholz.de/wp-content/uploads/2023/01/RAUM-vorbereitet-1-1024x410.jpg" alt="" class="wp-image-4292" srcset="https://gsmulsum-kutenholz.de/wp-content/uploads/2023/01/RAUM-vorbereitet-1-1024x410.jpg 1024w, https://gsmulsum-kutenholz.de/wp-content/uploads/2023/01/RAUM-vorbereitet-1-300x120.jpg 300w, https://gsmulsum-kutenholz.de/wp-content/uploads/2023/01/RAUM-vorbereitet-1-768x307.jpg 768w, https://gsmulsum-kutenholz.de/wp-content/uploads/2023/01/RAUM-vorbereitet-1-1536x614.jpg 1536w, https://gsmulsum-kutenholz.de/wp-content/uploads/2023/01/RAUM-vorbereitet-1-2048x819.jpg 2048w" sizes="auto, (max-width: 1024px) 100vw, 1024px" /><figcaption class="wp-element-caption">Sozialtraining</figcaption></figure>
</figure>



<p></p>



<p>Liebe Eltern und Erziehungsberechtigte, </p>



<p>ich heiße Wolfgang Seidel und ich bin seit Anfang des Jahres 2023 als Schulsozialarbeiter an der Grundschule Ihrer Kinder tätig. In dieser Funktion berate und unterstütze ich hier alle am Schulleben beteiligten Personen.</p>



<p>Ihre Kinder haben die Möglichkeit mich direkt anzusprechen oder einen meiner Briefkästen in den Fluren zu nutzen. Meine Beratung ist freiwillig und unterliegt der Schweigepflicht. Sollte ich einmal längere Zeit mit Ihrem Kind an einem Thema arbeiten oder wenn ein Thema besonders &#8222;heikel&#8220; und herausfordernd ist, informiere ich Sie, nach Rücksprache mit dem Kind, damit wir dann gemeinsam an Lösungen arbeiten können.</p>



<p>Natürlich können auch Sie sich auch gerne an mich wenden, wenn sie sich Sorgen um Ihr Kind machen oder zum Beispiel Fragen zu schulischen Belangen haben.</p>



<p>Ich freue mich auf eine gute Zusammenarbeit.<br>Wolfgang Seidel<br>(Schulsozialarbeiter)</p>



<p></p>



<h2 class="wp-block-heading">Kontakt</h2>



<p>Am besten erreichen Sie mich per E-Mail.<br>Mulsum: <strong>Wolfgang.Seidel@gsmuku.de</strong> <br>Kutenholz: <strong>Wolfgang.Seidel@grumuku.de</strong></p>



<p><br><br></p>

<p>Liebe Eltern und Erziehungsberechtigte, ich heiße Wolfgang Seidel und ich bin seit Anfang des Jahres 2023 als Schulsozialarbeiter an der Grundschule Ihrer Kinder tätig. In dieser Funktion berate und unterstütze ich hier alle am Schulleben beteiligten Personen. Ihre Kinder haben die Möglichkeit mich direkt anzusprechen oder einen meiner Briefkästen in den Fluren zu nutzen. Meine [&hellip;]</p>

<!-- This site is optimized with the Yoast SEO plugin v27.4 - https://yoast.com/product/yoast-seo-wordpress/ -->
<title>Schulsozialarbeit - Grundschule Mulsum - Kutenholz</title>
<meta name="robots" content="index, follow, max-snippet:-1, max-image-preview:large, max-video-preview:-1" />
<link rel="canonical" href="https://gsmulsum-kutenholz.de/?page_id=4032" />
<meta property="og:locale" content="de_DE" />
<meta property="og:type" content="article" />
<meta property="og:title" content="Schulsozialarbeit - Grundschule Mulsum - Kutenholz" />
<meta property="og:description" content="Liebe Eltern und Erziehungsberechtigte, ich heiße Wolfgang Seidel und ich bin seit Anfang des Jahres 2023 als Schulsozialarbeiter an der Grundschule Ihrer Kinder tätig. In dieser Funktion berate und unterstütze ich hier alle am Schulleben beteiligten Personen. Ihre Kinder haben die Möglichkeit mich direkt anzusprechen oder einen meiner Briefkästen in den Fluren zu nutzen. Meine [&hellip;]" />
<meta property="og:url" content="https://gsmulsum-kutenholz.de/?page_id=4032" />
<meta property="og:site_name" content="Grundschule Mulsum - Kutenholz" />
<meta property="article:modified_time" content="2026-04-16T10:20:09+00:00" />
<meta property="og:image" content="https://gsmulsum-kutenholz.de/wp-content/uploads/2023/01/Sozialtraining-1-2500x1000.jpg" />
	<meta property="og:image:width" content="2500" />
	<meta property="og:image:height" content="1000" />
	<meta property="og:image:type" content="image/jpeg" />
<meta name="twitter:card" content="summary_large_image" />
<meta name="twitter:label1" content="Geschätzte Lesezeit" />
	<meta name="twitter:data1" content="2 Minuten" />
<script type="application/ld+json" class="yoast-schema-graph">{"@context":"https:\/\/schema.org","@graph":[{"@type":"WebPage","@id":"https:\/\/gsmulsum-kutenholz.de\/?page_id=4032","url":"https:\/\/gsmulsum-kutenholz.de\/?page_id=4032","name":"Schulsozialarbeit - Grundschule Mulsum - Kutenholz","isPartOf":{"@id":"https:\/\/gsmulsum-kutenholz.de\/#website"},"primaryImageOfPage":{"@id":"https:\/\/gsmulsum-kutenholz.de\/?page_id=4032#primaryimage"},"image":{"@id":"https:\/\/gsmulsum-kutenholz.de\/?page_id=4032#primaryimage"},"thumbnailUrl":"https:\/\/gsmulsum-kutenholz.de\/wp-content\/uploads\/2023\/01\/Sozialtraining-1-1024x410.jpg","datePublished":"2021-09-21T17:20:19+00:00","dateModified":"2026-04-16T10:20:09+00:00","breadcrumb":{"@id":"https:\/\/gsmulsum-kutenholz.de\/?page_id=4032#breadcrumb"},"inLanguage":"de","potentialAction":[{"@type":"ReadAction","target":["https:\/\/gsmulsum-kutenholz.de\/?page_id=4032"]}]},{"@type":"ImageObject","inLanguage":"de","@id":"https:\/\/gsmulsum-kutenholz.de\/?page_id=4032#primaryimage","url":"https:\/\/gsmulsum-kutenholz.de\/wp-content\/uploads\/2023\/01\/Sozialtraining-1-2500x1000.jpg","contentUrl":"https:\/\/gsmulsum-kutenholz.de\/wp-content\/uploads\/2023\/01\/Sozialtraining-1-2500x1000.jpg","width":2500,"height":1000},{"@type":"BreadcrumbList","@id":"https:\/\/gsmulsum-kutenholz.de\/?page_id=4032#breadcrumb","itemListElement":[{"@type":"ListItem","position":1,"name":"Start","item":"https:\/\/gsmulsum-kutenholz.de\/"},{"@type":"ListItem","position":2,"name":"Unsere Schule","item":"https:\/\/gsmulsum-kutenholz.de\/?page_id=2"},{"@type":"ListItem","position":3,"name":"Schulsozialarbeit"}]},{"@type":"WebSite","@id":"https:\/\/gsmulsum-kutenholz.de\/#website","url":"https:\/\/gsmulsum-kutenholz.de\/","name":"Grundschule Mulsum - Kutenholz","description":"","potentialAction":[{"@type":"SearchAction","target":{"@type":"EntryPoint","urlTemplate":"https:\/\/gsmulsum-kutenholz.de\/?s={search_term_string}"},"query-input":{"@type":"PropertyValueSpecification","valueRequired":true,"valueName":"search_term_string"}}],"inLanguage":"de"}]}</script>
<!-- / Yoast SEO plugin. -->

Liebe Eltern und Erziehungsberechtigte, ich heiße Wolfgang Seidel und ich bin seit Anfang des Jahres 2023 als Schulsozialarbeiter an der Grundschule Ihrer Kinder tätig. In dieser Funktion berate und unterstütze ich hier alle am Schulleben beteiligten Personen. Ihre Kinder haben die Möglichkeit mich direkt anzusprechen oder einen meiner Briefkästen in den Fluren zu nutzen. Meine [&hellip;]
